
Let g be (5 - 7)*8*1. What are the prime factors of ((-80)/64)/(1/g)?
2, 5
Let v = 21 - -33. What are the prime factors of v?
2, 3
Suppose 2*n - 3*o = 80, 4*n - o - 95 = 45. What are the prime factors of n?
2, 17
Let k(c) be the third derivative of c**4/8 + 2*c**3/3 + 3*c**2. Let l = 4 - 1. List the prime factors of k(l).
13
Suppose 17*z - 243 = 8*z. What are the prime factors of z?
3
Suppose 0 = -4*g + 2*a + 13 + 41, -2*a = g - 26. Suppose -2*l + g = 2*l. Suppose k = 4*s - 62, -l*s - 3*k = k - 72. List the prime factors of s.
2
Suppose -3*i - 1 = -5*n, i = -i + 2*n + 2. Let h(l) = l + 1. Let r(u) = -1. Let o(s) = h(s) - 2*r(s). List the prime factors of o(i).
2, 3
Let c(s) = 3*s**2 - 2*s + 2. Let r = 11 + -7. Let n = r - 2. What are the prime factors of c(n)?
2, 5
Let b = -98 - -241. What are the prime factors of b?
11, 13
Let d be (-3)/(-1 + 2)*-1. Let c be 16/12*-3 + 4. Suppose x + d*x - 24 = c. List the prime factors of x.
2, 3
List the prime factors of (12/10)/3 + (-588)/(-5).
2, 59
Let q be 12/3 - 0/1. Suppose 0 = 5*f - 10, 5*d + 0*d - 17 = q*f. List the prime factors of d.
5
Let h be -2*(-1)/(-1) + 2. Suppose u - 4*u = h. Suppose u = 3*n + n - 56. List the prime factors of n.
2, 7
Let c be (-6)/8*(12 + 0). Let m = -5 + 9. What are the prime factors of 48/c*(-6)/m?
2
Suppose -5*z - 78 = -268. List the prime factors of z.
2, 19
Let g = 13 + -15. What are the prime factors of (12 - 5)/((-1)/g)?
2, 7
Let n(a) = a**2 + 14*a - 8. Let y be n(-9). Let s = y + 80. List the prime factors of s.
3
Let x(m) = -m**3 + 5*m**2 + 8*m - 12. Let z be x(6). Suppose -20 = -4*n, t + 4*t + 4*n - 105 = z. What are the prime factors of t?
17
Let u(x) = -x**3 - 4*x**2 - 24*x - 4. List the prime factors of u(-7).
311
Suppose 1 = -3*q - 5. List the prime factors of q - -4 - (2 - 16).
2
Let n(r) = 7*r**3 + r**2 - 1. Let g be n(-1). List the prime factors of (-345)/(-21) + 3/g.
2
Let a(y) be the first derivative of 3*y**2 - 6*y - 5. List the prime factors of a(5).
2, 3
Let a(f) = 22*f**3 + f**2 - 6*f - 2. Let q(c) = c**3 + c. Let j(g) = -a(g) - 5*q(g). What are the prime factors of j(-1)?
3
Let a(t) = -t - 5. Let m be a(-6). Suppose m = p + 5, 0 = -3*l - 4*p + 5. List the prime factors of l.
7
Suppose 3*q + 47 = 4*f, -5*f = 3*q + 2*q - 15. List the prime factors of f.
2
Let y be 15/(1*3/(-4)). Let x = 31 + y. What are the prime factors of x?
11
Let z(k) be the third derivative of k**6/360 - k**5/20 + k**4/12 - k**2. Let y(c) be the second derivative of z(c). What are the prime factors of y(5)?
2
Let g(u) = -11*u + 40. What are the prime factors of g(-25)?
3, 5, 7
Suppose 2*z - 2*d - 36 = 0, 3*z - 2*d = 4*z - 30. Let s = -2 + z. Suppose 35 = 5*j - s. What are the prime factors of j?
11
Let l(a) = -5*a**2 + 41*a - 16. Let d(w) = -w**2 + 8*w - 3. Let r(v) = 11*d(v) - 2*l(v). List the prime factors of r(5).
2
Let h(c) = -c**2 - 8*c - 4. Let b be 2 - 0 - (-16)/(-2). Let n be h(b). Let w(p) = p**2 - 7*p + 1. What are the prime factors of w(n)?
3
Suppose -39 = -2*o - 5. List the prime factors of o.
17
Suppose -m = -2*u + u - 19, 0 = m - 5*u - 23. Suppose m = 4*g - 10. Let o(c) = -c**2 + 7*c + 3. List the prime factors of o(g).
3
Let w = 1 + 5. List the prime factors of 42/(-9)*(-9)/w.
7
Let c(w) = -1 - 2*w + 5*w + 2*w - w. List the prime factors of c(5).
19
Suppose -4*g - 8 = 0, -3*b - 2*b + 14 = -2*g. Suppose -6 = -b*r + r. Suppose -c = -r*c + 55. What are the prime factors of c?
11
Suppose d = -1, 2*n - 145 = d + 4*d. List the prime factors of n.
2, 5, 7
Suppose -3*n = -4 + 10. List the prime factors of n - (12 + -1)/(-1).
3
Suppose -2 = 3*k + f, -k - 2 = 5*f - 6. Let g be -1 + 2 + k - 2. List the prime factors of g + 1/(1/4).
2
What are the prime factors of (-23 + -3)/(1 - (-42)/(-39))?
2, 13
Suppose 4*v - 9 = v, 2*v - 21 = 5*h. Let i = 3 - h. What are the prime factors of i?
2, 3
Let q = -11 + 27. Let p = q - 7. What are the prime factors of (-35)/(-3) - 6/p?
11
Suppose -2*u = -7*u + 5. Suppose -2*z = y - 7 - u, 4*z = 12. Suppose 3*m = y*o + 21, 0 = 2*m - 3*m - 5*o + 7. List the prime factors of m.
7
Let a(d) = -d**3 + 10*d**2 + 16*d - 10. Suppose 5*h - 56 = -m + 1, 0 = 5*h - 5*m - 45. List the prime factors of a(h).
3, 5
Let t be ((-2)/2 - 2) + -2. Let g = t - -7. What are the prime factors of 1/(2/20*g)?
5
Let m = -8 - -12. What are the prime factors of m?
2
Let x be ((-65)/10)/((-1)/(-2)). Let n = 25 + x. List the prime factors of n.
2, 3
Let q(y) be the second derivative of 5*y**3/6 + 2*y. Let v be q(1). Suppose 4*c + v*p = 29, 2*c + 3*p = 17 - 2. List the prime factors of c.
2, 3
Let d(n) = -n**3 - n**2 + n + 2. Let j be d(0). Suppose -2*y - j - 4 = -2*q, -2*q - 2*y = 14. List the prime factors of 3/(6/(-16)*q).
2
Let f(o) = 0 - 5*o + 2*o + 4 + 4*o. Let c be f(-5). Let s = c - -19. List the prime factors of s.
2, 3
Suppose 3*f - 2*f - 12 = 0. List the prime factors of f.
2, 3
Suppose -2*a = -95 + 17. Suppose 3*j = v - 22, j = -2*v + 6*j + a. What are the prime factors of v?
7
Let x(j) = -2*j - 5. Let s be 4/5*1*-5. Let v be x(s). What are the prime factors of 3/(-3) + v - -5?
7
Let b(l) = -l**3 + l**2 + l - 3. Let w(s) = -s**3 + 6*s**2 - 3. Let n be w(6). List the prime factors of b(n).
2, 3, 5
Let y(d) = -d**3 - 2*d**2 + 3*d + 4. Let r be (-23)/(-7) + 14/(-49). Let w be y(r). Let j = 48 + w. What are the prime factors of j?
2
Suppose -35 = -6*t + 5*t. Suppose 0*u + t = 5*u. What are the prime factors of u?
7
Let n = 23 + -9. What are the prime factors of n?
2, 7
Let c = 24 - 22. Suppose -4*p + 2*p + 23 = 5*x, 2*p + c*x = 14. What are the prime factors of p?
2
Suppose 0 = 4*f + 5 + 11. Let u = f + 10. List the prime factors of u.
2, 3
Let q = 16 - 51. What are the prime factors of ((-3)/5)/(1/q)?
3, 7
What are the prime factors of ((-2)/(-8))/(15/780)?
13
Let g = 0 - -3. Suppose 1 + 8 = g*b. What are the prime factors of b?
3
List the prime factors of (13 - 13) + (-1)/(1/(-10)).
2, 5
Let i(v) = -41*v + 9. Let n be i(3). Let m = 169 + n. What are the prime factors of m?
5, 11
Let r(c) = c**2 + 7*c + 10. Let l = -11 - -17. Suppose -a = -3, 3*a = -3*x - 2*a - l. List the prime factors of r(x).
2, 5
Let b(l) = -l**3 - l**2 + 26*l. List the prime factors of b(-6).
2, 3
Let m(k) = -2 + 1 + 2*k + 0*k - 4 + 3*k**2. List the prime factors of m(-4).
5, 7
Let b(j) = j**2 + 12*j - 11. Let k(x) = x - 4. Let g be k(-9). Let n be b(g). Let w = 14 - n. What are the prime factors of w?
2, 3
Let y = 3 + -1. Let n be -1 + 60/(y - -1). Let p = n - 10. What are the prime factors of p?
3
Let t be 20/9 - 10/45. Suppose t*y - 3 = 3. List the prime factors of y.
3
Let t = -477 + 695. What are the prime factors of t?
2, 109
Suppose 1 = -4*j - 7. Let a(v) = -3*v**3 - 2*v**2 - 3*v - 3. What are the prime factors of a(j)?
19
List the prime factors of (-6)/(-24) - (-46)/8.
2, 3
Suppose 1 + 2 = 3*r. Let p = -7 - r. Let a = -4 - p. What are the prime factors of a?
2
Suppose 0 = -0*q - 3*q + 357. What are the prime factors of q?
7, 17
Suppose 2*w - w + 2*j - 27 = 0, 4*j = 4*w - 84. List the prime factors of w.
23
Let b be 12/5 - 2/5. Suppose -4*c - 2*h + 15 = 1, c - b*h = -9. Let k(l) = 11*l + 1. What are the prime factors of k(c)?
2, 3
Suppose -1 = -4*s + 3*g, -4*s - 2*g - 1 = -7*s. List the prime factors of s/2 - (-196)/8.
5
Suppose m + 4*m = 5. What are the prime factors of 7 - (1/(-1) + m)?
7
Let t(h) = h**3 + 5*h**2 - 6*h - 9. Let b be t(-4). Suppose -r + b = -6. List the prime factors of r.
37
List the prime factors of 2 + ((-384)/14)/2*-7.
2, 7
Let t(m) = m**3 - 5*m**2 - 8*m + 3. Let n be t(6). Let r = -5 - n. What are the prime factors of (r/6)/(3/9)?
2
Suppose 18 = -2*a + c, c = -3*a - 17 - 0. List the prime factors of (-4 - -2)*a/2.
7
Suppose 2*y - 3*y = 0. Let s(a) = a**2 + a + 6. List the prime factors of s(y).
2, 3
What are the prime factors of 4/(-8)*(-60 + -4)?
2
Let g(m) = m**3 + 13*m**2 - 15*m - 1. List the prime factors of g(-14).
13
Let f(z) = z**2 - z + 2. Let o be f(2). List the prime factors of (-1)/o - 228/(-16).
2, 7
Let a = 270 - 178. What are the prime factors of a?
2, 23
Suppose 0 = n - 5*n + 104. Suppose -n - 9 = -5*f. What are the prime factors of f?
7
Let j = -27 + 9. Let v = 35 + j. Suppose 5*y = 43 + v. List the prime factors of y.
2, 3
Suppose 396 = 4*i - 5*